 composite?
True
Let h be ((-1)/3)/(1*7/21). Is (h/2*-7694)/1 a composite number?
False
Suppose 2*x = 4*c + 260030, 10*x + 2*c = 5*x + 650003. Is x a composite number?
False
Suppose -200 - 154 = -3*h. Let q = -101 + h. Suppose 5*t = q*t - 6780. Is t prime?
False
Suppose 3*y + 136847 + 50457 = j, -561945 = -3*j - 2*y. Is j prime?
False
Let z(s) = 51*s**2 - 3*s - 10. Let o be z(-13). Let f be ((-56)/(-20) - 2)*5. Suppose -f*w - o = -12*w. Is w a prime number?
False
Suppose -37*u = -38*u - 55. Let m = u - -81. Let q(b) = 55*b + 67. Is q(m) prime?
False
Let w(n) = 14*n**3 + 6*n**2 - 31*n - 93. Is w(8) composite?
False
Suppose -50*o = -5452977 + 4691480 - 8787153. Is o a prime number?
False
Suppose 0 = -3*s - 41 + 44, 2*s = 5*o - 804653. Is o a prime number?
False
Let d(s) = -889*s**3 + 12*s**2 + 67*s - 89. Is d(-9) a composite number?
True
Let y(v) = -84*v**3 - 13*v**2 - 2*v + 9. Let z be y(-7). Let x = -18677 + z. Is x prime?
True
Is 6 - -1*(2 - 4 - -3) - -236200 prime?
True
Suppose -1701110 = 37*f - 50*f + 757671. Is f a prime number?
False
Suppose -214*w + 17912158 + 30977640 = 0. Is w a composite number?
False
Let r(t) = -t**3 + t**2 - 2*t - 11. Let i be r(5). Let p = -275 + 260. Let a = p - i. Is a composite?
True
Let w = 11451 + -5993. Is w composite?
True
Let f(o) = -o**2 - 10*o - 6. Let p(r) be the first derivative of -9*r**2 + 10*r - 20. Let j be p(1). Is f(j) a composite number?
True
Suppose 3*h - 4*g = 569735, 118*h - 4*g + 569743 = 121*h. Is h composite?
False
Let k = -57 + 51. Let v be 15/k + 3 - (-126)/4. Suppose -3508 = -v*s + 28*s. Is s composite?
False
Let o(r) = -158*r - 3. Let l be o(-1). Let w(t) = -9 - 15 + 1 - l*t + 118*t. Is w(-10) a prime number?
True
Let l(p) = 25566*p**2 - 6*p + 1. Is l(1) a prime number?
True
Let w be 39009 - (-8 + 5 + 0/(-4)). Suppose -4*d = 8*d - w. Is d a prime number?
True
Let f = 293 + -87. Let j = 133 + f. Is j a prime number?
False
Suppose -3*f + 14 - 5 = 0. Suppose b = -3*d + f, -2*d - b + 1 = -0*b. Suppose -l + 20 = 4*l, 0 = d*w - 2*l - 2354. Is w a prime number?
True
Let k = -94983 - -227390. Is k a prime number?
False
Let t = 128 + -97. Let k = 38 - t. Let v(r) = 486*r - 25. Is v(k) composite?
True
Let r(k) = 4*k - 28. Let h be r(8). Suppose -102 = -i - 3*a + 140, -998 = -h*i + 3*a. Suppose 4*l = 900 + i. Is l a prime number?
False
Let x(w) = 2*w**3 - 10*w**2 + w - 52. Let c be x(-12). Let k = 529 - c. Is k prime?
False
Let v = 83864 + 48797. Is v a prime number?
True
Let s(m) be the third derivative of m**8/480 - m**7/240 + 7*m**6/720 + 7*m**5/15 + 21*m**2. Let u(i) be the third derivative of s(i). Is u(6) prime?
False
Suppose 0 = -4*q + 3*q + 5*m - 10, -3*q + m - 2 = 0. Suppose -3611 = -3*y - 6*j + 8*j, q = -2*y - 3*j + 2416. Is y a prime number?
False
Let c = 585726 + -321487. Is c composite?
True
Suppose 35*x - 48 = -13. Is 42/(-84)*(0 + -8458)*x prime?
True
Suppose -3*i - 45*v = -42*v - 359817, 2*v + 119921 = i. Is i a prime number?
False
Let i(p) = -p**2 + 17*p - 14. Let r be i(16). Suppose -5*y = -l - 55, 5*l + r*y - 6*y + 296 = 0. Is (15/l)/((-1)/2452) composite?
False
Let s(x) = 815*x**2 - 34*x + 103. Is s(-6) a composite number?
True
Let g be (-230)/4*(-12)/15. Let x = 113 + g. Is x a prime number?
False
Let d be (8/20 - 0) + 54/15. Suppose -d*r + 3*r + o = -55, -r + 59 = o. Is r prime?
False
Let g(w) = 1775*w - 62. Let i be g(-4). Let q = i + 15663. Is q prime?
True
Let q(i) = -i**2 + 4*i + 211. Suppose 32 = -17*o + 15*o. Let l = o + 16. Is q(l) composite?
False
Suppose -4*w = w + 4*h - 22654, 0 = -2*w + 3*h + 9080. Let d = w + -1973. Is d a composite number?
True
Let x = 30 - 31. Let o be x/(3/(-4) - 10/(-24)). Suppose -o*m = -6*m + 207. Is m a prime number?
False
Is 1114/(-2)*(-28)/4*1 prime?
False
Let k(h) = 2*h**2 - 7*h - 169. Let z be k(-23). Suppose -3*g + 3*y = -z, 2 = y - 1. Is g a composite number?
False
Suppose 463*d - 803576 = 455*d. Is d prime?
True
Suppose 210526 = 10057*k - 10021*k - 440678. Is k a composite number?
False
Is 6 + (77/22)/(-3*1/(-93858)) a composite number?
False
Let a(r) = -10780*r + 713. Is a(-15) a prime number?
True
Suppose 0*u = -2*g - 5*u + 20, g + 5*u = 10. Let h be g/(-3)*(-4 - (-136)/(-20)). Suppose 0*n = 6*n - h. Is n composite?
True
Is 787654 + 2 - (7 - -12) a composite number?
True
Suppose 0 = -5*y - m + 182620, -m - 41 = -46. Is y a prime number?
True
Let o(s) = -71291*s + 1929. Is o(-2) a composite number?
False
Suppose -y + 2*v = -395, -6*y + 1814 = -2*v - 526. Is y prime?
True
Let u be 118/(-177)*(1 - (-14)/4). Is (u + 2 - -4) + -4 + 3860 a composite number?
True
Suppose -391*a + 1136961 = -79*a - 1710975. Let r(s) = 26*s**3 - s**2 + 4*s + 2. Let i be r(-3). Let z = a + i. Is z a prime number?
False
Suppose 4*m = b + 20 + 13, 5*b - 2*m = -201. Let f = b + 43. Suppose -o - 21590 = -5*n, -5*n + 2*n + f*o + 12961 = 0. Is n composite?
True
Let j(m) = -m**3 + 9*m**2 - 7*m - 9. Let i be j(8). Let k be (-50565)/(-30) + 1/2 + i. Suppose 481 = -4*w + k. Is w composite?
True
Let t = 9 + -17. Let a = -1086 - -1074. Is ((-6)/t)/(a/(-528)) a prime number?
False
Let g(a) = -a**3 + 11*a**2 + 5*a - 22. Let s be g(11). Suppose 118063 = s*k - 127226. Is k prime?
True
Let x(l) be the second derivative of 13*l**3/3 - 83*l**2/2 - 108*l. Is x(36) composite?
False
Suppose -3*w - 6142 = 4*l, 1873 - 6476 = 3*l + 4*w. Let z = 24 - l. Is z a prime number?
False
Is (-6)/(-9)*1 + 11/((-297)/(-3801825)) composite?
True
Suppose -5*d + 23 = 3. Suppose -3*r = d*l + r + 656, 620 = -4*l + 5*r. Let x = 31 - l. Is x a composite number?
False
Suppose 912828 = -50*m + 1055587 + 4794391. Is m a composite number?
True
Suppose 210 = -131*v + 138*v. Suppose v*b = 26*b + 60924. Is b a prime number?
False
Let h = 124573 - 39678. Is h a prime number?
False
Suppose 0 = 3*z + 2*t - 25, 3*t = -4*z + 5*t + 52. Let h be (z*42)/3 + -2. Let l = -99 + h. Is l a composite number?
False
Is (7 - (-6 - -12)) + -3 + 5 + 15856 prime?
True
Suppose 235*m - 10861284 = 18797716 - 5404885. Is m a composite number?
True
Suppose -2*h = i - 7*h - 43, 2*i - 134 = -2*h. Suppose 3*p = 4*w + 367, 0 = -p + 46*w - 51*w + 116. Let f = p - i. Is f a prime number?
False
Let b(i) = 47638*i**2 - 43*i - 116. Is b(-3) a composite number?
True
Suppose 2065860 = -81*c + 13256901. Is c a prime number?
False
Let q(c) = 12*c + 20. Suppose -2*f - 16 = 5*a, -2*f - 12 = 2*f. Let x be q(a). Is ((-786)/15)/((12/15)/x) a composite number?
True
Suppose -8*r - 170 = -26. Is 54/r + 28*50 prime?
False
Let s(m) = 275*m**2 + 19*m + 3. Let z(t) = -274*t**2 - 20*t - 1. Let x(h) = -4*s(h) - 5*z(h). Is x(3) composite?
True
Suppose 0 = 2*v + v - 6. Let b = -4953 - -9062. Suppose 5*u = v*q - b, q + 3*u - 2053 = 5*u. Is q prime?
False
Let q = -276 - -330. Suppose -q*z + 58*z - 25316 = 0. Is z a composite number?
False
Let t(b) = -5*b - 61. Let p be t(-11). Is (-3350 - (3 - 6))*(5 + p) composite?
False
Let i(h) = 523*h**2 + 150*h - 29. Is i(-30) prime?
True
Let i be (-1090)/8*(2 + -6). Suppose -50*f = -136 - 114. Suppose 5*s = 5*k - i, 24 + 537 = f*k + 3*s. Is k a prime number?
False
Suppose 0 = -2*x - h + 9, 5*h + 0*h = -4*x + 21. Suppose 2*l = -x*l - 48. Is (7256/32)/((-2)/l) prime?
True
Suppose 28*q = 2*q + 13189514. Is q a prime number?
True
Let y be ((7 - 59)*545)/(-2). Is (-7)/7*(-3 - y) composite?
False
Let u = 42 - 38. Suppose 3*n - 4*n + 113584 = u*w, 5*n = -5*w + 141965. Suppose -5*m = -4*y + w, 0 = 2*y - 0*m + 3*m - 14215. Is y a prime number?
True
Let b(y) = 47*y**2 - 7*y + 4. Let c(x) = 16*x - 26. Let r be c(2). Is b(r) a prime number?
False
Let x = 4121 + -1279. Let c = 4689 - x. Is c prime?
True
Suppose -152842 = -3*b + p + 111419, 352348 = 4*b + 4*p. Suppose 12*k + 16315 = b. Is k composite?
False
Suppose -13304 = -15*t + 86716. Let p = t + -2761. Is p composite?
False
Suppose 5*k - 131 = 4*x, -111 = 20*k - 24*k - 3*x. Let d(b) = 5*b + 50. Is d(k) composite?
True
Let h(t) = t**3 + 32*t**2 + 31*t + 3. Let y be h(-31). Suppose -g + l + 129 = y*l, -2*l + 2 = 0. Is g a prime number?
True
Suppose -5164 = -12*s + 23768. Is s composite?
False
Let l = 34180 - -31497. Is l a composite number?
False
Let v be 0*9/(-36)*-2. Let w(c) = -c**3 + 3*c**2 + 9413. Is w(v) prime?
True
Let h = 126331 + -65328. Is h composite?
True
Suppose 0 =